{"id":116,"date":"2021-10-25T19:44:58","date_gmt":"2021-10-25T19:44:58","guid":{"rendered":"https:\/\/zaidimai.in\/parduotuve\/?post_type=product&#038;p=116"},"modified":"2023-01-16T02:09:15","modified_gmt":"2023-01-16T02:09:15","slug":"zaidimu-konsole-su-188-zaidimais","status":"publish","type":"product","link":"https:\/\/zaidimai.in\/parduotuve\/product\/zaidimu-konsole-su-188-zaidimais\/","title":{"rendered":"\u017daidim\u0173 konsol\u0117 su 188 \u017eaidimais"},"content":{"rendered":"<p>Specifikacijos:<\/p>\n<p>Modelis: rankin\u0117 \u017eaidim\u0173 konsol\u0117<br \/>\nNumeris: FC188 \u017eaidim\u0173 konsol\u0117<br \/>\n\u017daidimo tipai: AVG nuotyki\u0173 \u017eaidimai, RPG vaidmen\u0173 \u017eaidimai, ACT veiksmo \u017eaidimai<br \/>\n\u017daidimo kiekis: 188 \u017eaidimai<br \/>\nOperacin\u0117 sistema: 8 bit\u0173 FC<br \/>\nRekomenduojamas am\u017eius: 5 met\u0173 ar vyresnis<br \/>\nSvoris: apie 0,25 kg<br \/>\nSpalva: m\u0117lyna, auksin\u0117, juoda<\/p>\n<p>Pakavimo s\u0105ra\u0161as:<\/p>\n<p>1* Instrukcija<br \/>\n1* \u017daidim\u0173 konsol\u0117<br \/>\n1* \u012ekroviklis<\/p>\n<p><img decoding=\"async\" class=\"img-responsive\" src=\"https:\/\/ae01.alicdn.com\/kf\/H6dc7685eb5de49e0b959678920afce61r.jpg\" \/><img decoding=\"async\" class=\"img-responsive\" src=\"https:\/\/ae01.alicdn.com\/kf\/H3471ec703b8d42d297cf6474f987d1efL.jpg\" \/><img decoding=\"async\" class=\"img-responsive\" src=\"https:\/\/ae01.alicdn.com\/kf\/Hb375e4de87014d91a10d767cce0edb070.jpg\" \/><img decoding=\"async\" class=\"img-responsive\" src=\"https:\/\/ae01.alicdn.com\/kf\/H0595d84106b5493dafa341951be69bd2s.jpg\" \/><img decoding=\"async\" class=\"img-responsive\" src=\"https:\/\/ae01.alicdn.com\/kf\/H39b6322abffd4337b1e3df7c6cedcf65c.jpg\" \/><img decoding=\"async\" class=\"img-responsive\" src=\"https:\/\/ae01.alicdn.com\/kf\/He612d2c0c95843e8ba4b54e6cccb5ac7u.jpg\" \/><img decoding=\"async\" class=\"img-responsive\" src=\"https:\/\/ae01.alicdn.com\/kf\/He75532fcab9249b6b6a875ea3605e2be3.jpg\" \/><img decoding=\"async\" class=\"img-responsive\" src=\"https:\/\/ae01.alicdn.com\/kf\/H9aa42e80b04c4765a60dddef464c2ac3X.jpg\" \/><img decoding=\"async\" class=\"img-responsive\" src=\"https:\/\/ae01.alicdn.com\/kf\/H9f56bec9f2d84ad7aaadbbb762d0d3bbA.jpg\" \/><\/p>\n","protected":false},"excerpt":{"rendered":"<p><b>Pristatymas\u00a0 6- 20 d.d.<\/b><\/p>\n","protected":false},"featured_media":118,"comment_status":"open","ping_status":"closed","template":"","meta":[],"product_brand":[],"product_cat":[19],"product_tag":[],"class_list":{"0":"post-116","1":"product","2":"type-product","3":"status-publish","4":"has-post-thumbnail","6":"product_cat-konsoles","7":"pa_color-aukso","8":"pa_color-juoda","9":"pa_color-melyna","11":"first","12":"instock","13":"sale","14":"shipping-taxable","15":"purchasable","16":"product-type-variable"},"_links":{"self":[{"href":"https:\/\/zaidimai.in\/parduotuve\/wp-json\/wp\/v2\/product\/116","targetHints":{"allow":["GET"]}}],"collection":[{"href":"https:\/\/zaidimai.in\/parduotuve\/wp-json\/wp\/v2\/product"}],"about":[{"href":"https:\/\/zaidimai.in\/parduotuve\/wp-json\/wp\/v2\/types\/product"}],"replies":[{"embeddable":true,"href":"https:\/\/zaidimai.in\/parduotuve\/wp-json\/wp\/v2\/comments?post=116"}],"wp:featuredmedia":[{"embeddable":true,"href":"https:\/\/zaidimai.in\/parduotuve\/wp-json\/wp\/v2\/media\/118"}],"wp:attachment":[{"href":"https:\/\/zaidimai.in\/parduotuve\/wp-json\/wp\/v2\/media?parent=116"}],"wp:term":[{"taxonomy":"product_brand","embeddable":true,"href":"https:\/\/zaidimai.in\/parduotuve\/wp-json\/wp\/v2\/product_brand?post=116"},{"taxonomy":"product_cat","embeddable":true,"href":"https:\/\/zaidimai.in\/parduotuve\/wp-json\/wp\/v2\/product_cat?post=116"},{"taxonomy":"product_tag","embeddable":true,"href":"https:\/\/zaidimai.in\/parduotuve\/wp-json\/wp\/v2\/product_tag?post=116"}],"curies":[{"name":"wp","href":"https:\/\/api.w.org\/{rel}","templated":true}]}}